se 7, what is -302515 + 10445?
-262040
In base 13, what is -7c26 - -58a?
-7669
In base 4, what is -3 + 1001111002010?
1001111002001
In base 5, what is 334 - 312423414?
-312423030
In base 11, what is 3 - 230122?
-23011a
In base 8, what is -5 - 2143156?
-2143163
In base 6, what is -11300445 + 301?
-11300144
In base 4, what is -20313 - 300021100?
-300102013
In base 15, what is 1 + d49509?
d4950a
In base 6, what is -12 + 21143225?
21143213
In base 4, what is -21201 - 3333030201?
-3333112002
In base 7, what is 25 - 5000306?
-5000251
In base 8, what is -46575674 - 3?
-46575677
In base 2, what is 1101000111010 + 11101010100?
10000110001110
In base 2, what is -100010001000011111110001 - -111?
-100010001000011111101010
In base 6, what is -100402031 - 142?
-100402213
In base 4, what is -1 - -203203011230?
203203011223
In base 2, what is -100101111001 - 1010110010101010?
-1011011000100011
In base 8, what is -2 + 457562554?
457562552
In base 4, what is -23132022 - -101133?
-23030223
In base 12, what is -14391 - -296?
-140b7
In base 16, what is d + 1bef31?
1bef3e
In base 12, what is -15a - -41542a?
415290
In base 6, what is -452440210 + -14?
-452440224
In base 10, what is -16095 - -519?
-15576
In base 5, what is -2 - 14214311421?
-14214311423
In base 2, what is 100110011110100110111011110 + -10?
100110011110100110111011100
In base 16, what is 377a - 458?
3322
In base 2, what is -1000 - -1101000111010100001100110?
1101000111010100001011110
In base 2, what is -100 - -1101001111101001?
1101001111100101
In base 9, what is 265 + 6762020?
6762285
In base 5, what is -1231 - 4121210?
-4122441
In base 7, what is 2424462116 + 5?
2424462124
In base 14, what is -9 - 36969a7?
-36969b2
In base 11, what is 66a3 - -1399?
7a91
In base 5, what is -10 - 10321022234?
-10321022244
In base 7, what is 52453235 + 6?
52453244
In base 7, what is -132014330 - 3?
-132014333
In base 4, what is -1002 - -13310010103?
13310003101
In base 4, what is 2120330311123 - -1?
2120330311130
In base 3, what is -12 - 1010120101000100?
-1010120101000112
In base 4, what is -121 + -311232212313?
-311232213100
In base 12, what is -5 - -1415921a?
14159215
In base 11, what is -12356020 - -2?
-12356019
In base 3, what is 110111201121002 - 100?
110111201120202
In base 2, what is 1101110101101010000000 - 11?
1101110101101001111101
In base 2, what is 10010000011111 - 1000010010011?
1001110001100
In base 13, what is 1209 - -3309?
4515
In base 5, what is 30411 + 211413?
242324
In base 2, what is 1000000000101010 - 10011001101111?
101100110111011
In base 9, what is -45335587 + 4?
-45335583
In base 6, what is 12505402 + 5?
12505411
In base 6, what is 23152014 + 1315?
23153333
In base 12, what is -53 + 58a?
537
In base 13, what is -4 + -8991c40?
-8991c44
In base 4, what is -13023 + -13203?
-32232
In base 14, what is 9b621 + -18?
9b607
In base 9, what is -524463 + -178?
-524652
In base 3, what is 11 - -220101211022022?
220101211022110
In base 15, what is 66 + -819a2?
-8193b
In base 7, what is 1 + 104513232?
104513233
In base 16, what is ae - -9001?
90af
In base 12, what is 4 + -15231614?
-15231610
In base 13, what is -314 + 5b?
-286
In base 5, what is 142 + 30232432?
30233124
In base 3, what is 11021 + 20211000202?
20211012000
In base 12, what is -3b + -90538?
-90577
In base 9, what is 424031 + -11?
424020
In base 15, what is 3 - -275092?
275095
In base 11, what is -385034 - 5a4?
-385628
In base 15, what is 4d0ec - -27?
4d124
In base 13, what is -330 + -20955?
-20c85
In base 3, what is 2 - -1021221002211?
1021221002220
In base 10, what is 12 + 56802?
56814
In base 14, what is 1b46cd - 5?
1b46c8
In base 15, what is 1095b0 - 27?
109588
In base 16, what is -b0 - -255a?
24aa
In base 15, what is -161831 + a3?
-16177d
In base 11, what is -2a - 141a2?
-14221
In base 11, what is -1 + -15397766?
-15397767
In base 16, what is 6 + 95ba81?
95ba87
In base 12, what is -295a5427 - -6?
-295a5421
In base 5, what is -2 - -112001004?
112001002
In base 11, what is 5604 + 1963?
7467
In base 9, what is -32363 + -584?
-33057
In base 16, what is 24d8d9 + -2?
24d8d7
In base 8, what is -20 - -1111513?
1111473
In base 2, what is -10001001010001101100100010101 + 10?
-10001001010001101100100010011
In base 13, what is 236 + 84c03b?
84c274
In base 5, what is 411433 - -44201?
1011134
In base 16, what is aceff48 + 5?
aceff4d
In base 10, what is -2839 - -99631?
96792
In base 12, what is -125839 - 39?
-125876
In base 12, what is -31 + 339600?
33958b
In base 14, what is 59855 + -22?
59833
In base 8, what is -51656214 + -4?
-51656220
In base 13, what is -1c0cc3c + -1?
-1c0cc40
In base 14, what is -3b181a - 20?
-3b183a
In base 14, what is -8d1c - -15b?
-8ba1
In base 13, what is -266b8c5 - 7?
-266b8cc
In base 8, what is -3432125 + 55?
-3432050
In base 8, what is -104 - 12077633?
-12077737
In base 13, what is 8b6924 - -37?
8b695b
In base 12, what is 303 - -1b34b?
1b652
In base 4, what is 101333020 + 3003?
102002023
In base 2, what is -1001000 - -10011001111110000?
10011001110101000
In base 5, what is 30141033 + 322?
30141410
In base 4, what is -103301121 + 11?
-103301110
In base 13, what is -1cb + -1cb3c7?
-1cb5c5
In base 9, what is 2353153 - 21?
2353132
In base 13, what is 6928 - 10967?
-703c
In base 10, what is 1 - 238875838?
-238875837
In base 12, what is -54a1 + 5?
-5498
In base 6, what is -31502231 + -22?
-31502253
In base 2, what is -1111110110101 + 11000111010?
-1100101111011
In base 7, what is -43 - 105246562?
-105246635
In base 6, what is -102 - 3123514?
-3124020
In base 3, what is -2112100 + -2002112?
-11121212
In base 3, what is 2021001222210 - -102?
2021002000012
In base 3, what is 122112020201021 - -100?
122112020201121
In base 3, what is 1120021112 + -1111210?
1111202202
In base 16, what is 1ed - 67c8?
-65db
In base 13, what is 9a50b - -170?
9a67b
In base 14, what is 12123 + 10b?
12230
In base 9, what is -20882462 + 1?
-20882461
In base 3, what is -1021011 + 221122002?
220100221
In base 14, what is 20 - 2422d2c?
-2422d0c
In base 2, what is -111110000100001 + -1010?
-111110000101011
In base 16, what is 28673 + 32?
286a5
In base 4, what is -100000211311 + -102?
-100000212013
In base 3, what is 1122100200 - 12210020?
1102120110
In base 2, what is -1 + -1011110011111001000111?
-1011110011111001001000
In base 7, what is 51 + -251046661?
-251046610
In base 12, what is -4 - b73555?
-b73559
In base 8, what is 504101 + 12327?
516430
In base 12, what is -195a + -4681?
-641b
In base 13, what is -6923 + 2a2?
-6651
In base 6, what is -314243542 - -3?
-314243535
In base 6, what is 332323 - -45522?
422245
In base 11, what is 2 - 39a461?
-39a45a
In base 4, what is 11311220123 + -3?
11311220120
In base 15, what is 2a - d618b?
-d6161
In base 14, what is -1 - -403d15?
403d14
In base 6, what is -512200032 - -11?
-512200021
In base 3, what is -100101 + -1212122202?
-1220000010
In base 6, what is -32 - 150530110?
-150530142
In base 9, what is -400807 + -10628?
-411536
In base 6, what is 1 + 1211523444?
1211523445
In base 16, what is -21 + -4f2cbd?
-4f2cde
In base 12, what is 5 - 3a1814b?
-3a18146
In base 7, what is 12650326 + 144?
12650503
In base 8, what is -46576 + 10632?
-35744
In base 11, what is -1a + -12a860?
-12a87a
In base 16, what is -18 - -5ff42?
5ff2a
In base 12, what is a2 + -2a165a?
-2a1578
In base 10, what is 3 - -107687?
107690
In base 11, what is -32a97 - 20a?
-331a6
In base 15, what is -61 - 1391523?
-1391584
In base 6, what is 1 - 22121512023?
-22121512022
In base 13, what is -29a3 + 4b65?
2192
In base 11, what is -811152 - 26?
-811178
In base 2, what is 10111 + 100101011010010000000?
100101011010010010111
In base 11, what is -28a5a - -3212?
-25848
In base 11, what is -32a3 - 821?
-4014
In base 3, what is 20 + -10000122121100212?
-10000122121100122
In base 3, what is -22121 - 112212002010?
-112212101201
In base 3, what is -201120000222001 + -1?
-201120000222002
In base 5, what is 223 + 20004004044?
20004004322
In base 15, what is 3a433a + -1b?
3a431e
In base 9, what is 142 + 72440?
72582
In base 15, what is -27a9 + -a6?
-2860
In base 5, what is -13330244131 + -30?
-13330244211
In base 8, what is 5 + 220751?
220756
In base 13, what is 22 + 222372?
222394
In base 12, what is 28 - -73535?
73561
In base 8, what is -34 + 2766?
2732
In base 10,